me number?
False
Let m = -304688 - -486207. Is m a composite number?
True
Let n be ((-42)/(-15))/((-1)/5). Suppose 0 = 5*q + h - 106, -h + 2*h = -q + 22. Let g = q - n. Is g composite?
True
Is (-7 + 9)*(4 - 1) + 143636 a prime number?
False
Is 1 - (44/(-77) + 1 + 8327727/(-21)) a prime number?
False
Suppose -230899 = -k + 5*t, 8*t + 692680 = 3*k + 10*t. Suppose 28*d - k = -6*d. Is d composite?
False
Is (936/24 - -3280)/((-2)/(-118)) a composite number?
True
Let l = 243 - 239. Is ((-2078)/(-4))/(1*l/16) composite?
True
Let v(i) = -18*i**2 + 4*i - 4. Let t be v(2). Let o = t + 65. Is (-8660)/(-12) - (-2)/o a composite number?
True
Let z be ((-988)/(-57))/(1/(-6)). Let v = z - -103. Is (396 + (4 - -1))/(v/(-3)) prime?
False
Let f(m) = 95*m**3 - 31*m**2 - 40*m + 71. Is f(10) a composite number?
False
Let y = -6715 + 12926. Let r = y - -10042. Is r composite?
False
Let w(n) = n**2 + 20*n - 61. Let b = -132 + 162. Is w(b) composite?
False
Let k be (-5)/(-1)*12/(-20). Is k/(-9)*(16013 - 14) a prime number?
True
Let w = -28 - -21. Let c(i) = 58*i**2 + 7*i - 4. Is c(w) a prime number?
True
Is (1*(0 + -1))/((17 + -25)/73432) a composite number?
True
Suppose 24*c - 289 = -169. Let f be 83*-79*-1 - 2. Suppose -c*h - 2020 = -f. Is h a composite number?
False
Let t(g) = 49 + 21 - 17 + 149*g + 129*g. Is t(3) composite?
False
Let u be -1 - 5/(20/51044). Is (u/(-12))/(((-6)/4)/(-1)) a prime number?
True
Let q be -3*(-106)/42 + 9/21. Let x(u) = -7*u + 23*u + 41*u + 34 - q*u. Is x(7) composite?
True
Is (724277*(12/4 + -2))/1 a prime number?
True
Let v = 124861 + -84356. Is v composite?
True
Suppose -757*k + 762*k = 5*x + 1034030, x + 827215 = 4*k. Is k a composite number?
False
Let z(v) = -4*v + 1. Let i be z(-1). Suppose -3*k = i*x - 11098, 0 = -0*k - 4*k - 5*x + 14789. Is k composite?
False
Let v = -792 - -2831. Let a = v - 1226. Suppose 5*g = 2*g + a. Is g a prime number?
True
Let c(a) = -20*a**2 + 5*a + 13. Let y be c(-5). Let o = 1794 - y. Is o a prime number?
False
Suppose 0 = -4*l + 4*g + 125956, 20*g - 125938 = -4*l + 18*g. Suppose -4*h = -t - 25199, l = 5*h - t + 4*t. Is h composite?
False
Let y = -6136 + 12829. Let v = -1916 + y. Is v prime?
False
Let d(p) be the first derivative of 5*p**4/4 - 5*p**3/3 + 15*p**2/2 + 28*p + 32. Is d(13) a composite number?
True
Let f be (-500480)/(-884) + (1 - 30/26). Let v = f + 795. Is v a composite number?
False
Let i = 323 + -316. Suppose -i*n + 32130 = -12229. Is n prime?
True
Let d be (-8884)/(-4) + -1 + 2. Let q be 1*3 + (d - -1). Is 2/(-10) - q/(-105) composite?
True
Let b(n) = -6*n. Let v be b(-1). Let o(k) be the third derivative of k**5/60 + 5*k**4/24 + 4*k**3/3 + 662*k**2 - 2*k. Is o(v) composite?
True
Is ((-483)/(-21) + 279911)/(4/2) composite?
False
Let a(t) = -t**2 + 21*t + 51. Let n be a(23). Suppose 0 = -4*d + n*d - 2179. Suppose -3*o + d = -2*o. Is o a prime number?
True
Suppose -5*k + 5365 = -38415. Suppose -s - k - 7496 = -5*x, 5*s = 15. Is x a composite number?
False
Let m(w) = w**3 + 22*w**2 - 2*w - 2. Suppose 2*p + 8 = 2*v, -2*v + 20 = -3*p + 3*v. Suppose 4*i + 0 + 36 = p. Is m(i) prime?
True
Let m = -308461 + 439614. Is m composite?
True
Let b(i) be the first derivative of -369*i**2 + 37*i + 154. Is b(-12) a prime number?
True
Is (58/348)/((-1)/(-24498)) a prime number?
False
Let l(v) = 7*v + 44. Let c be l(-6). Suppose -4*j + 20 = 0, 5*n - c*j + 630 = -5*j. Let q = 314 + n. Is q a prime number?
False
Suppose -3*k - 89*u + 5824695 = -86*u, -4*k + 5*u = -7766188. Is k a composite number?
False
Let q(a) = -a**2 - 10*a + 7. Let k be q(0). Let d(u) = u**3 + 6*u**2 - 32*u + 9. Is d(k) composite?
True
Suppose 4*a - 9*a - 5*x + 5 = 0, 0 = -4*x - 4. Suppose 3*l - t = 19007, 0 = -a*l - 3*l - t + 31689. Is l composite?
False
Is 66455/(-15)*(-15)/((-15)/(-3)) a prime number?
True
Suppose 0 = 38*d - 39*d, 6866 = 2*g + 3*d. Is g prime?
True
Suppose -6*g - p = -11*g + 169261, 6*p = 3*g - 101535. Is g a composite number?
True
Let z(q) = -3*q + 57. Let x be z(15). Suppose 0 = 9*j - x*j + 9411. Is j a composite number?
False
Suppose -17*s = -16*s - y + 3, 49 = -3*s - 5*y. Is (-8)/(s/5225) - 6 composite?
True
Let z(r) = 354*r + 41. Let i be z(9). Suppose 5*c - 4039 = -2*g, -i = -4*c - g - 2*g. Is c composite?
False
Suppose 5*t - 6 = 14. Suppose 2*r - 3*r = -t*r. Let i(f) = f**2 - 2*f + 37. Is i(r) prime?
True
Let u be 3*2/((-6)/(-3)). Suppose 405 = u*p - 5*i, -i - 135 = -5*p + 4*p. Is (-27)/p - (-2436)/5 a composite number?
False
Let d(z) = 433*z**2 + 8*z - 41. Let p = -304 - -310. Is d(p) a prime number?
False
Let f be 3/(-1) + (-2)/2 + -269. Let o = f + 5128. Is o a composite number?
True
Let l(q) = -q**2 + 247*q + 499. Let v be l(-2). Let m be (-2)/(-1)*1/2. Is 4/v + 6583*m prime?
False
Suppose 3*s + 2*v + 8159 = 0, -3*v + 0*v = -4*s - 10873. Let i = s - -5706. Is i composite?
True
Suppose -152019 = -5*a + s, 19*a + 91197 = 22*a + 3*s. Is a a composite number?
False
Suppose -4*b + 2*b = -73050. Suppose 6*x = x + b. Is (x/30)/(2/4) composite?
False
Let o = 49 + -40. Suppose 4*x - 17 = -o. Suppose -2816 + 310 = -x*j. Is j composite?
True
Suppose -4*k - 81 = -7*k. Let c(g) = -g**2 + 33*g - 31. Is c(k) a prime number?
True
Is (46199/4)/((-489)/(-1956)) composite?
False
Let b(m) be the third derivative of -m**4/8 - 4*m**3 + m**2. Let d be b(-7). Is 1/(d/6*4/(-634)) a composite number?
False
Let h(l) be the first derivative of -3337*l**2/2 + 49*l + 43. Let u(v) = 1669*v - 24. Let o(g) = -4*h(g) - 7*u(g). Is o(3) composite?
False
Let a(j) = 11*j**2 + 4*j + 60. Let s(w) = 10*w**2 + 2*w + 59. Let y(h) = 7*a(h) - 6*s(h). Is y(-7) a prime number?
True
Let o = -14 + 59. Suppose 2*p + o = j, -3*j + 146 = -p + 6*p. Is (-2)/(-1) + j*7 composite?
False
Let w(p) be the first derivative of -15*p**2 + 31*p - 278. Let x be 9/((3/2)/(-1)). Is w(x) a composite number?
False
Let u(s) = -21288*s + 8. Let p be u(-1). Suppose 0 = -2*a + p + 5826. Is a a composite number?
True
Suppose 16*i = 15*i + 5, o = -4*i + 34. Suppose -o*r - 13*r + 93123 = 0. Is r prime?
True
Let u(q) = -29984*q + 2483. Is u(-6) prime?
True
Suppose 2*d = -2*b + 112250, 4*d + 7982 = 2*b - 104232. Is b composite?
True
Let f(h) = 8*h**3 + 6*h**2 - 4*h + 4. Let o be f(6). Suppose -o = -0*d - d - c, 3853 = 2*d - 3*c. Suppose 3*n + s = 2634, -s - d = -4*n + 1587. Is n composite?
True
Let k = -14285 - -43276. Is k composite?
True
Let n be 2 - 2 - -32*909. Suppose 0 = 2*h + 4*u - n, -4*h + 4*u + 58595 = 395. Suppose 7*d + 3971 - h = 0. Is d prime?
True
Let o(p) = -2406*p - 77. Let v be o(-3). Suppose 4*k = v + 975. Is k a prime number?
True
Suppose -2*j + 20*j = 12*j + 1284774. Is j a prime number?
True
Let d = -14117 - -24912. Suppose k - d = -5*p, 6477 = -2*p + 5*p + 5*k. Is p prime?
False
Suppose 0 = -4*q - 28, d = 29*q - 33*q - 34. Suppose -n - 3*n = 16. Is ((-2)/n)/(d/(-17772)) composite?
False
Suppose -163*y = -48*y - 542455. Is y a prime number?
False
Suppose -5*v + 66 = v. Suppose v*d = 14*d + 21. Let w(j) = j**2 - 2*j - 10. Is w(d) a prime number?
True
Let c = -88 - -92. Suppose 4*i + r - 910 = 0, 3*i - 537 = -c*r + 139. Suppose 2*a - 10 = 0, 5*t - a = 162 + i. Is t prime?
True
Suppose 11*m - 87 = -54. Suppose 2*k + m*a - 27670 = 0, a = 9*k - 6*k - 41505. Is k a composite number?
True
Let l be (-1)/3*(16/(-8) + -1). Let c(g) = -7*g**3 + g**2 + 3*g - 4. Let v be c(l). Is (-18)/(-63) - 4485/v prime?
True
Let b(f) = -2510*f - 353. Is b(-5) prime?
True
Let o be (-7 - -21)*2/7. Suppose 0 = -o*q - 9*q + 46813. Is q composite?
True
Let q(l) = 4*l**2 - 6*l + 103. Suppose 4*d = -2*s + 3*s - 50, 0 = -4*d - 4*s - 40. Is q(d) a composite number?
False
Let d(t) = 179*t**2 - 7. Let a be d(3). Let f be (-4)/(-3)*(5 + -1 + -1). Suppose a = f*y - 1632. Is y a composite number?
False
Let r be (-4)/(-12) - (-10)/6. Suppose 5*x + t = 25, -15 = 3*x - 5*t - r. Suppose -x*a + 0*a + 3*n + 79 = 0, 0 = 5*a + n - 94. Is a prime?
True
Suppose 22222 + 27986 = 12*f. Let r = f + -2239. Is r composite?
True
Let w = 114 - -3475. Is w composite?
True
Let b = -23382 - -185725. Is b a composite number?
False
Let t = -28833 + 44560. Is t composite?
False
Let m = 5 + -10. Let i(p) = -7*p**2 - 4*p - 1. Let q(t) = -t**2. Let z(y) = m*q(y) - i(y). Is z(-3) composite?
False
Let f be 3 - ((-12)/(-28) 